iple of 169?
False
Is 41 a factor of 92211173?
True
Is 176849064 a multiple of 36?
True
Is 302351925 a multiple of 4269?
True
Is 71692768 a multiple of 28?
True
Is 1704975156 a multiple of 62?
False
Is 172755264 a multiple of 53?
False
Is 291276810 a multiple of 54?
True
Does 499 divide 758912903?
False
Is 82431360 a multiple of 24?
True
Is 4581202624 a multiple of 2296?
False
Is 298 a factor of 1380634?
True
Does 265 divide 68813345?
True
Is 30685657 a multiple of 18?
False
Is 66656468 a multiple of 30?
False
Does 362 divide 3715405433?
False
Does 2 divide 397191?
False
Does 956 divide 67225574?
False
Is 25 a factor of 101762429?
False
Is 13 a factor of 86018010?
True
Is 45 a factor of 85814400?
False
Does 159 divide 414341821?
False
Does 524 divide 4986642?
False
Is 2886739116 a multiple of 81?
False
Is 766 a factor of 1531024777?
False
Is 20 a factor of 3390093573?
False
Is 1744284600 a multiple of 36?
True
Is 26109100 a multiple of 1663?
True
Is 433213507 a multiple of 68?
False
Is 242 a factor of 142631412?
True
Is 9 a factor of 636576888?
False
Is 124095123 a multiple of 424?
False
Is 55 a factor of 575190?
True
Is 44 a factor of 96450684?
True
Is 49077381 a multiple of 114?
False
Does 35 divide 7881580?
True
Does 7 divide 631471609?
False
Does 139 divide 12649973?
True
Is 53 a factor of 385888283?
True
Does 369 divide 13153386?
False
Is 288 a factor of 16619616?
True
Is 207 a factor of 2838897310?
False
Does 145 divide 92550968?
False
Is 244 a factor of 308392332?
True
Does 520 divide 11882782?
False
Is 261702924 a multiple of 222?
True
Is 185029261 a multiple of 35?
False
Does 7 divide 3153971?
False
Does 56 divide 50679776?
True
Is 5099799902 a multiple of 12661?
False
Does 66 divide 106772094?
True
Does 239 divide 14991716?
False
Is 1491 a factor of 132498518?
False
Does 1774 divide 85613349?
False
Does 255 divide 139981230?
True
Is 810 a factor of 109991911?
False
Does 86 divide 338220542?
True
Does 2093 divide 39955370?
True
Does 21 divide 119180931?
False
Does 1164 divide 1511990604?
True
Is 147044514 even?
True
Does 6 divide 10027830?
True
Is 165 a factor of 13567759?
False
Is 579247662 a multiple of 251?
False
Does 1948 divide 3713920440?
True
Does 30 divide 335714250?
True
Is 165913594 a multiple of 293?
True
Is 9084112 a multiple of 118?
True
Is 6012457 a multiple of 33?
False
Is 1861 a factor of 6638187?
True
Is 2474 a factor of 1141498652?
True
Does 303 divide 51056113?
False
Does 1063 divide 77087653?
False
Is 117 a factor of 19716421?
False
Does 44 divide 1315926835?
False
Is 69 a factor of 228114?
True
Does 930 divide 184360410?
True
Is 491 a factor of 277849535?
True
Does 95 divide 627371363?
False
Is 10 a factor of 3635980?
True
Is 49 a factor of 5981632?
False
Is 1010 a factor of 74875146?
False
Is 46 a factor of 534364750?
True
Is 1017 a factor of 16567947?
True
Is 1198902892 a multiple of 122?
False
Is 510 a factor of 44774430?
True
Does 2982 divide 460399926?
True
Does 6 divide 13632618?
True
Does 53 divide 591153692?
False
Does 635 divide 21069192?
False
Is 525038400 a multiple of 576?
True
Is 635 a factor of 37611685?
True
Is 348884385 a multiple of 489?
True
Is 10 a factor of 24120880?
True
Is 174198276 a multiple of 28?
True
Is 2 a factor of 36112822?
True
Is 2703330 a multiple of 485?
False
Is 28 a factor of 57474564?
True
Does 14 divide 64948407?
False
Is 77875740 a multiple of 3580?
True
Is 36 a factor of 15927611?
False
Does 334 divide 2769563?
False
Is 3 a factor of 17936573?
False
Is 1368002545 a multiple of 35?
True
Is 4295 a factor of 614300076?
False
Is 158642255 a multiple of 31?
False
Is 687 a factor of 1530389243?
False
Does 15 divide 71353881?
False
Is 89984252 a multiple of 15?
False
Is 6 a factor of 1035537?
False
Is 17751068 a multiple of 11?
False
Is 228 a factor of 714423?
False
Does 10 divide 20174681?
False
Is 311 a factor of 467921581?
True
Is 49126736 a multiple of 3706?
True
Is 25 a factor of 1236325895?
False
Is 53748145 a multiple of 11?
True
Is 767 a factor of 21364894?
False
Is 106285200 a multiple of 525?
True
Does 1288 divide 2368081011?
False
Is 341795596 a multiple of 81?
False
Is 243269781 a multiple of 3357?
False
Does 299 divide 16551444?
True
Does 1364 divide 18187781?
False
Does 35 divide 29385156?
False
Is 5438 a factor of 119668628?
True
Is 251 a factor of 17279916?
False
Is 2114325 a multiple of 2?
False
Is 1155 a factor of 1869435645?
True
Is 105 a factor of 55973148?
False
Is 264 a factor of 3952945?
False
Is 155653901 a multiple of 169?
True
Is 23 a factor of 3660312?
True
Does 2425 divide 4884325?
False
Is 3 a factor of 1891436?
False
Is 1606881025 a multiple of 6530?
False
Does 40 divide 2438217?
False
Is 310768551 a multiple of 5?
False
Does 1193 divide 79348816?
True
Does 2249 divide 291643990?
False
Is 23 a factor of 88415414?
False
Is 4985885 a multiple of 589?
True
Is 4 a factor of 17911804?
True
Does 207 divide 58540339?
False
Is 797087715 a multiple of 5?
True
Does 2488 divide 396489624?
False
Is 1375 a factor of 29283772?
False
Does 21 divide 33826800?
True
Is 1560886785 a multiple of 1068?
False
Is 22 a factor of 115414367?
False
Does 225 divide 39834000?
True
Does 456 divide 71154589?
False
Is 436967947 a multiple of 492?
False
Does 2338 divide 3298275182?
False
Is 267 a factor of 1033612002?
True
Does 254 divide 1007223727?
False
Does 84 divide 514244926?
False
Is 143 a factor of 117397852?
True
Does 819 divide 40265316?
True
Is 15171608 a multiple of 85?
False
Is 135260624 a multiple of 16?
True
Does 7 divide 1280635153?
True
Is 104 a factor of 274322568?
True
Is 161201635 a multiple of 6065?
True
Is 112965020 a multiple of 10?
True
Is 43753339 a multiple of 3292?
False
Is 178701390 a multiple of 15?
True
Is 3655324350 a multiple of 10?
True
Is 330406193 a multiple of 377?
True
Is 79 a factor of 170969983?
True
Is 92330964 a multiple of 208?
False
Is 17 a factor of 2320381?
True
Is 1302128431 a multiple of 14?
False
Is 387859799 a multiple of 25?
False
Does 1376 divide 56510432?
False
Is 6183 a factor of 670787487?
True
Is 7 a factor of 2275584?
False
Is 41 a factor of 31246877?
False
Is 6857 a factor of 4816432227?
True
Is 375 a factor of 88408500?
True
Does 351 divide 6239581686?
True
Is 1019194 a multiple of 22?
True
Does 173 divide 293502631?
True
Does 1966 divide 856492617?
False
Does 90 divide 16503310?
False
Does 835 divide 46832645?
True
Is 38948780 a multiple of 65?
True
Is 62 a factor of 436683977?
False
Does 10806 divide 2759787564?
True
Is 85 a factor of 199373280?
True
Is 466 a factor of 2960826?
False
Is 322898580 a multiple of 698?
False
Is 542488359 a multiple of 101?
False
Does 1840 divide 1341870218?
False
Is 10215675 a multiple of 120?
False
Does 2773 divide 22053660?
False
Is 26782860 a multiple of 390?
True
Does 157 divide 50309551?
True
Is 72 a factor of 333286480?
False
Does 20 divide 4126675738?
False
Is 40 a factor of 1157922240?
True
Is 2107 a factor of 662474250?
False
Does 73 divide 49200070?
False
Is 3033900026 a multiple of 37?
True
Is 11519007 a multiple of 1383?
True
Does 4600 divide 171205430?
False
Is 58612064 a multiple of 2724?
False
Is 96 a factor of 21022272?
True
Is 9 a factor of 7198875?
True
Is 185 a factor of 8308863?
False
Does 19 divide 4398154?
False
Does 2628 divide 28513433?
False
Does 342 divide 264273032?
False
Does 3 divide 36792788?
False
Is 9128450 a multiple of 2?
True
Is 6 a factor of 171876734?
False
Does 60 divide 188422154?
False
Is 149 a factor of 799689013?
False
Is 46849104 a multiple of 324?
True
Is 28919584 a multiple of 8?
True
Does 246 divide 11028918?
True
Is 81022320 a multiple of 36?
True
Does 3 divide 319016177?
False
Is 962899 a multiple of 457?
True
Is 57251761 a multiple of 2106?
False
Is 146263 a multiple of 7?
False
Is 7 a factor of 1081991?
False
Is 53 a factor of 219623184?
False
Is 768 a factor of 515092992?
True
Is 1263 a factor of 17506298?
False
Does 24 divide 52594450?
False
Is 132074182 a multiple of 8?
False
Does 85 divide 17056816?
False
Is 209819400 a multiple of 30?
True
Is 43758198 a multiple of 297?
True
Does 14 divide 18746975?
False
Is 61 a factor of 6117585?
False
Is 78 a factor of 130282977?
False
Is 83287295 a multiple of 7?
True
Is 4040997292 a multiple of 55?
